divisor of u and 9.
3
Let j = -15 - -16. What is the greatest common factor of 2 and j?
1
Suppose c + 2 = 14. Let w(x) = x + 96. Suppose 12 = -0*k + 2*k - 3*u, -2*k - u = 4. Let z be w(k). Calculate the highest common factor of c and z.
12
Suppose 4*a = -7 + 39. Calculate the greatest common factor of 56 and a.
8
Let l(r) = 8*r - 15. Let a be l(3). What is the highest common divisor of 12 and a?
3
Suppose 0*d = d - 2. Suppose 0 = 4*z + 3*q - 4, -2*z = d*q + q + 4. Calculate the greatest common factor of z and 4.
4
Suppose -24 = -7*r + 3*r. Let z(b) = -b**2 + 6*b - 2. Let x be z(5). Calculate the highest common divisor of r and x.
3
Suppose 3*o + 97 + 14 = 0. Let q = 86 + o. Calculate the greatest common divisor of 7 and q.
7
Let v be 2 + -2 + -1*2. Let i be -2 + 17 + 1 - v. Let k = -11 - -20. What is the highest common divisor of i and k?
9
Let k = 35 + -22. What is the greatest common factor of k and 91?
13
Let p(m) = 2*m**2 + 0 + 1 + m**2 + 0 - 5*m. Let f be p(5). Suppose -4 = -4*r + 132. Calculate the greatest common divisor of r and f.
17
Suppose 7*u + 21 - 49 = 0. Let o(n) = -n**2 + n + 6. Let c be o(0). Calculate the highest common divisor of u and c.
2
Suppose -2*u = 5*x - 3, 4*u + 3*x - 27 = -0*x. Let d = -13 + 22. Calculate the greatest common divisor of u and d.
9
Let u be (-10)/(-45) + 25/9. Suppose -2*m - u = -21. Suppose -3*l = -54 + m. Calculate the highest common factor of l and 5.
5
Let v = -12 + 13. What is the greatest common divisor of 5 and v?
1
Let p = 51 - 29. What is the highest common divisor of p and 11?
11
Let r(w) = 3*w - 56. Let a be r(26). What is the greatest common divisor of 121 and a?
11
Suppose -11*z = -13*z + 44. Suppose -5*h + 216 = -59. What is the greatest common divisor of h and z?
11
Let p = -132 - -139. Calculate the highest common factor of p and 7.
7
Suppose -5 = -2*u - 1. Let b be u + 0 - (-7 - 1). What is the highest common factor of 15 and b?
5
Let k be 42/56 - (-890)/8. Calculate the greatest common divisor of 16 and k.
16
Let c(o) = -7*o + 3. Let a be c(-3). Suppose -3*h + h + 12 = 0. Calculate the highest common divisor of h and a.
6
Suppose 105 = 31*v - 26*v. Calculate the highest common factor of v and 105.
21
Let k be -72 - (-2 + (1 - 1)). Let y = 1 - k. Suppose 94 = 3*g - y. Calculate the highest common factor of g and 11.
11
Let d = 2 - 15. Let z = d - -20. What is the highest common divisor of 7 and z?
7
Suppose 2*c - z - 380 = 3*z, 2*z = -8. Let i = -128 + c. What is the highest common divisor of i and 6?
6
Let t(f) = -f**2 + 7*f + 3. Let q be t(7). Let v = q + 0. Calculate the greatest common factor of 21 and v.
3
Let g = -2 - -4. Suppose g - 17 = -m. Let w be 850/m + 1/3. Calculate the highest common factor of w and 38.
19
Let j(o) be the first derivative of o**4/4 - 2*o**3 + o**2/2 + 4*o - 6. Let a be j(6). What is the highest common divisor of 20 and a?
10
Let a(n) = -n**2 + 14*n + 1. Let i be a(14). Let q be ((-1)/(-2))/(i/20). Calculate the highest common divisor of q and 25.
5
Suppose 0*y + 2*y + 4 = 0, 2*y = -5*k + 1. What is the greatest common factor of k and 9?
1
Suppose 2*c - 48 = -16. Suppose -2*f - 4*v = 6, 4*f + 15 = -5*v + 6. Let n be f*6*(-2 - 2). Calculate the greatest common divisor of n and c.
8
Let r be (-2 + 5)/(12/40). Let o(u) = u**2 + 2*u - 1. Let v be o(1). Suppose -v*i = -3*i + 110. Calculate the highest common divisor of r and i.
10
Let l(j) = j**3 + 4*j**2. Suppose -m + 4 = 3. Suppose m + 9 = -5*i. Let n be l(i). Calculate the highest common factor of 16 and n.
8
Let p = 9 - 6. Let k(x) = -x**2 + 12*x + 16. Let a be k(13). What is the greatest common factor of a and p?
3
Let z(r) = -1 - 2 - r**3 - r - 4*r**2 + 5*r. Let k be z(-5). Suppose k*y - 3*y + 30 = 0. What is the highest common factor of 12 and y?
6
Let r = -100 - -177. Let d(t) = t**3 + 5*t**2 + 2*t - 1. Let c be d(-3). Calculate the greatest common divisor of r and c.
11
Let v be 45/10*(-8)/(-6). Suppose -3*f + 0*f = -v. Let p be (-2)/6 - 155/(-15). Calculate the highest common divisor of p and f.
2
Let c = -277 + 417. Let k(g) = -8*g**2 + 2*g + 14. Let n be k(0). What is the greatest common divisor of c and n?
14
Let i = 115 - 7. Calculate the highest common factor of 12 and i.
12
Let j(u) = u**2 + 2*u - 4. Let g be j(-5). Let i(l) = 11*l - 1. Let h be i(2). Suppose -h = -2*v + 89. What is the greatest common divisor of g and v?
11
Let o(n) = 15*n - 3. Let f be o(4). Suppose 4*z = 35 + 41. Calculate the greatest common factor of f and z.
19
Let f(j) be the first derivative of 13*j**4/4 + j**2 - j + 6. Let o be f(1). Calculate the highest common divisor of o and 98.
14
Suppose -21*y = -6*y - 105. What is the highest common factor of 7 and y?
7
Let s(q) be the second derivative of q**3/6 + 30*q**2 - q. Let d be s(0). Suppose -3*o + 0*a = a - 164, d = o - a. What is the highest common factor of 7 and o?
7
Suppose 3*o - 19 = 422. Let u = 18 + o. Let i = -96 - -111. Calculate the highest common divisor of u and i.
15
Let q be 1*(-45)/(-5)*26/3. What is the greatest common divisor of q and 6?
6
Suppose -3*f + k = -2, 0 = f + 4*k - 0*k - 18. Calculate the highest common factor of 1 and f.
1
Suppose -315 = -2*y + c - 96, -5*y = 5*c - 525. Let v be 1 + -1 - (5 - 5). Suppose 2*d + 0*d - 24 = v. Calculate the highest common factor of d and y.
12
Let i(o) = o**3 - 11*o**2 + 10*o + 3. Let k be i(10). Let t be (-3 - k)*11/(-3). Calculate the greatest common factor of t and 242.
22
Let k be (122 - 3) + 2/1. Let o = 78 + -67. What is the greatest common divisor of k and o?
11
Suppose -3*q = q - 8. Suppose -4*c + 41 = -3*d, -4*c - q*d + 4*d = -38. What is the greatest common divisor of c and 12?
4
Let z be 6/14 - 100/(-28). Calculate the highest common divisor of z and 2.
2
Suppose 2*p = -8, h + 9 = 3*p + 22. Let s = -15 + 19. Let f be s + (-1 - -2) - 0. What is the greatest common divisor of f and h?
1
Let q(v) = -v**2 + 5*v**2 + 0*v**2 + v - 7*v + 4. Let g be q(6). Calculate the highest common divisor of 16 and g.
16
Suppose 2*f - 334 = 5*o, 2*o - 3*o + 889 = 5*f. Suppose 0 = -4*z + 5*s - 58 + 357, -2*z = 3*s - f. Calculate the highest common divisor of 9 and z.
9
Let n = -32 + 270. Calculate the highest common factor of n and 34.
34
Let p be ((-92)/6)/(4/(-6)). Suppose 3*l = 5*y + 5*l - 119, -5*y = l - 117. Calculate the highest common divisor of p and y.
23
Let k(r) = r**2 + 4*r - 10. Let c be k(7). Suppose -d = -2*d + c. Let f be (2 - 0)*(d - 1). Calculate the highest common factor of 12 and f.
12
Let d = 234 + -169. What is the highest common factor of 13 and d?
13
Let z = -41 - -81. Calculate the highest common factor of z and 16.
8
Suppose -p - 135 = -2*v - 4*p, 0 = -4*v + 4*p + 220. What is the greatest common factor of 15 and v?
15
Let j = -46 + 33. Let o = j - -38. Let l = -4 + 9. Calculate the highest common divisor of o and l.
5
Let f be ((-1)/(-3))/(3/(-9)). Let a be 17 + 4/f + 1. What is the highest common factor of a and 21?
7
Let b = -54 - -103. Let h be (1 - 0)/(1/7). Calculate the highest common divisor of h and b.
7
Let v(g) = -22*g - 28. Let y be v(-4). What is the highest common factor of y and 90?
30
Suppose 10 = 3*b - 32. Calculate the greatest common divisor of b and 14.
14
Suppose j - 148 = -v, -3*j + 7*v + 424 = 6*v. Suppose 0 = -4*s - m + 48, -s = 3*s + 3*m - 40. Calculate the greatest common factor of s and j.
13
Let f(d) = d. Let b be f(6). Calculate the highest common divisor of b and 8.
2
Let y be 1/4 - 70/(-8). Let t = -10 + y. Let w(d) = 105*d**2 + d + 1. Let z be w(t). Calculate the highest common factor of z and 15.
15
Suppose -2*r - 4 = 2*c, -4*c - 4*r = -r + 4. Let w(d) = 25*d**2 - d + 2. Let k be w(c). Calculate the highest common divisor of k and 40.
20
Suppose 6 = h - 6. Suppose -20 = -2*y - 0*y - 2*k, -34 = -5*y + 3*k. What is the greatest common divisor of y and h?
4
Suppose k - 2*k + 3 = 0. Suppose 22 = -3*r - r + 2*d, d = -k. Let c be (r/(-2))/((-1)/(-2)). Calculate the greatest common factor of 1 and c.
1
Let a(y) = 9*y**3 - 2*y**2 - y + 2. Let g be a(2). What is the highest common divisor of g and 32?
32
Let a(w) = -w**2 + 13*w + 22. Let d be a(13). Calculate the greatest common factor of 121 and d.
11
Let x be -3 - 129*(3 + -4). Let c = x + -76. What is the greates